What is the greatest common factor of 243 and z?
9
Suppose 576 = -596*p + 608*p. Calculate the highest common factor of 512 and p.
16
Let f(x) = -x + 9. Let y be f(5). Let n(l) = 4 + 3*l**2 + 2*l**2 - 8*l + 4*l - l**3. Let r be n(y). What is the highest common factor of 40 and r?
4
Let c = -904 + 1060. Calculate the highest common factor of 18 and c.
6
Let n = -24 + 45. Calculate the highest common divisor of 168 and n.
21
Suppose i + i = 5*l + 25, 0 = -4*l + 2*i - 22. Let a be 12/2 + (l - -2). Calculate the highest common divisor of 25 and a.
5
Suppose 5*x = 2 + 8. Suppose 3*j - 3*w - 22 = -w, 5*w = -25. Suppose -2*a + 10 = -a + j*v, -a + 5 = -v. What is the greatest common factor of a and x?
2
Suppose 32*n - 15*n = 5423. What is the greatest common factor of 203 and n?
29
Let y be (-1)/(-3) + 70/(-30) - -673. Calculate the highest common factor of y and 11.
11
Let j(h) = 9*h + 15. Let i(f) = 5*f + 8. Let z(b) = -7*i(b) + 4*j(b). Let w be z(9). What is the greatest common factor of w and 13?
13
Let q = -153 + 166. Calculate the highest common factor of q and 104.
13
Let j(d) = -26*d + 86. Let o be j(3). What is the greatest common divisor of 376 and o?
8
Let r = -12 + 18. Let h = 46 + -43. What is the greatest common divisor of r and h?
3
Let v(z) = 2*z**2 - 7*z + 20. Let h be v(0). Let x(o) = 99*o + 1. Let k be x(1). What is the highest common factor of k and h?
20
Let x(d) = 2*d**3 - 10*d**2 + 3*d - 5. Let y be x(5). Calculate the greatest common divisor of 95 and y.
5
Let a be (-81)/(-15) + (-4)/10. Suppose -n + 29 = 2*n - 4*g, -13 = 4*n + a*g. What is the greatest common factor of 24 and n?
3
Let f be 0/(-4)*(-1)/2. Suppose f = -3*m + 5*z + 162, 0 = 5*z - 2*z. Let p be 22 + (5 - 2) - -2. What is the highest common factor of m and p?
27
Let b = -911 + 1681. Suppose 5*o + 2*n = 770, -2*o - b = -7*o + 4*n. Calculate the highest common factor of o and 14.
14
Let w be -5 + (60 - -15 - 0/2). Calculate the highest common divisor of w and 10.
10
Suppose 434 = 2*k - 3*t, -12*k + 9*k + t + 658 = 0. What is the highest common divisor of 165 and k?
55
Suppose 4*o - 15 = 5*o. Let b be (20/(-6))/((-10)/o). Let z be 415/25 + (-2)/b. What is the greatest common divisor of 136 and z?
17
Let s = 17 + -32. Let c = s + 18. Calculate the highest common divisor of 6 and c.
3
Let k(z) = 2*z**2 - 9*z + 10. Let g be k(7). What is the greatest common factor of 45 and g?
45
Let y = 31 - 36. Let c be 3*1 - (5 + y). Suppose -5*u + 80 = -5*w, 0 = -2*u + c*w + w + 40. What is the highest common factor of u and 4?
4
Suppose -k + 3*a = -9, 2*k - 6*k + 20 = 4*a. Suppose -3*x = -2*x + 22. Let z = 37 + x. What is the highest common factor of k and z?
3
Suppose -24*o = -6*o - 270. What is the greatest common factor of 795 and o?
15
Suppose 46*j = 50 + 502. Let p = 19 - 13. Calculate the greatest common factor of j and p.
6
Let g be 1548/44 - (-26)/(-143). What is the greatest common factor of g and 20?
5
Let t(z) = 3*z**2 - 13*z + 17. Let k be t(3). Suppose 2*c - k*f + 5 = -7, 36 = 5*c + 4*f. Calculate the highest common divisor of 4 and c.
4
Let z(s) = -s**3 + 15*s**2 + 18*s - 27. Let m be z(16). Calculate the greatest common factor of m and 160.
5
Let v(q) = 7*q**2 - 21*q + 6. Let u be v(6). What is the greatest common factor of u and 132?
132
Suppose 5*r - 29 = -3*w, 4*r + r = 3*w + 11. Let o(b) = b + 1. Let g be (12/15)/(1/10). Let m be o(g). Calculate the greatest common divisor of m and w.
3
Suppose 4*f + f + 165 = 0. Let v = 17 + -32. Let n = v - f. What is the greatest common factor of 12 and n?
6
Let b be (0 - 0)/(6 + -4). Suppose -w + b*w + 26 = 0. What is the highest common factor of 78 and w?
26
Let t = 19 - 15. Suppose -x + 2 + 30 = t*w, 3*w - 24 = -x. Calculate the highest common factor of 88 and w.
8
Suppose -2*f = 4*a + 6, 2*f = a + 11 + 8. Suppose -3*k = 9, 7*p - 4*p - 72 = 3*k. What is the highest common divisor of f and p?
7
Suppose 84 = 2*o - 16. Let x be (150/(-8))/(3 + 26/(-8)). Calculate the greatest common divisor of o and x.
25
Suppose d - 7 = -p, 2*d - 9 = 3*d - 3*p. What is the highest common divisor of 6 and d?
3
Suppose t + 5 = 5*a, 1 = -2*a + 9. Calculate the greatest common factor of 45 and t.
15
Let x be 46/10 + 21/(-35). Suppose -58 = -x*b - 5*v + 311, b - v = 90. What is the highest common divisor of 13 and b?
13
Let j = -732 - -737. Calculate the highest common factor of 35 and j.
5
Let c be -3*(-62)/1 + 0. Let r = c + -78. Calculate the highest common factor of 27 and r.
27
Let u = -471 + 692. Suppose 5*b - 716 + u = 0. What is the highest common divisor of 11 and b?
11
Let k = 533 - 229. Calculate the highest common factor of k and 128.
16
Let w(q) = -q**3 + 38*q**2 - 35*q - 6. Let r be w(37). What is the highest common factor of 170 and r?
34
Let s be 2/(-8) - (-50)/8. Suppose 0 = 3*z - 0*z - 192. Let r be ((-6)/4)/((-4)/z*4). Calculate the greatest common divisor of r and s.
6
Suppose 172 = 4*n + 5*w, -w - 140 = -4*n + 2*w. Suppose -3*o + n = -5*i - 245, 0 = -4*o + 5*i + 379. Calculate the greatest common divisor of o and 12.
12
Suppose -4*t = 144 - 768. What is the greatest common factor of t and 195?
39
Suppose -24*q + 9 = -735. Calculate the highest common factor of 186 and q.
31
Let l(t) = 5*t - 8. Let k be l(14). Let y = k - 42. Suppose 4*u - 6*u = -y. What is the greatest common factor of 30 and u?
10
Let b be 44/16 + (-5)/(-20). Suppose -5*y = -5, -3*q + b*y + 12 = -2*q. Calculate the highest common divisor of 30 and q.
15
Suppose 54 = -10*g + 1854. What is the greatest common divisor of g and 36?
36
Let p be (-340)/(-14)*11/((-121)/(-154)). Calculate the highest common factor of p and 60.
20
Let t be 54/7 - (-6)/21. Suppose 4 + 11 = 5*o. Let g be -6*(32/o)/(-2). Calculate the greatest common factor of t and g.
8
Let p(b) = 13*b**2 + b. Let a be p(-1). Suppose 3*i + o = -4*o + 4, 0 = 2*i - o - 20. Suppose -168 = i*y - 15*y. What is the highest common factor of a and y?
12
Suppose -3*r + 65 = 2*b, 3*b - 5*r = -73 + 218. Calculate the highest common divisor of b and 40.
40
Suppose 0 = t - 1, -t + 58 = 2*v - 21. Suppose 7*b + 0*b = 105. Let n be (-26)/3*b/(-10). Calculate the greatest common factor of v and n.
13
Suppose -v + 12 + 6 = 0. Let p be ((-9)/12*-2)/(v/264). What is the highest common divisor of p and 88?
22
Let m(a) = 6*a**2 - 7*a + 2. Let l be m(6). Let s = l + -51. Suppose 5*q = -u + 160, 4*q + 125 = 2*u - s. What is the highest common divisor of 54 and u?
27
Let w(g) = -g**3 + 5*g**2 + 19*g - 7. Let f be w(7). What is the highest common divisor of 35 and f?
7
Let i(q) = -2*q + 1. Let l be i(-1). Let z = -24 + -39. Let o be -3*(-3)/z + (-15)/(-7). Calculate the highest common divisor of l and o.
1
Let d = -415 - -467. What is the greatest common factor of d and 260?
52
Let q be (-66)/(-14) + 2/7. Let d = 27 - -2. Suppose q*y + 4 = d. Calculate the highest common factor of 10 and y.
5
Let o(n) = -n**3 - 21*n**2 - 35*n + 69. Let t be o(-19). Calculate the greatest common divisor of t and 57.
3
Let l(z) = 4*z + 11. Let x be l(13). What is the greatest common factor of x and 315?
63
Let o(q) = 5*q - 1. Suppose 11 = 2*y + 1. Suppose -y*g = 5*x - 2*g - 22, 5*g + 30 = 5*x. Let v be o(x). What is the greatest common divisor of 60 and v?
12
Suppose 5*l = 430 + 155. What is the greatest common factor of l and 144?
9
Let x(m) = -2*m**2 + 14*m - 3. Suppose 2*v - 2*s - 10 = 0, 0 = -7*v + 3*v - 5*s + 29. Let w be x(v). Calculate the highest common divisor of 1 and w.
1
Let z = 1008 + -882. Calculate the greatest common factor of 28 and z.
14
Let x = 28 - 20. Suppose 9*a - x*a = 96. Suppose 3*y = 5*y - a. Calculate the greatest common divisor of 12 and y.
12
Suppose 0 = n - 0*g - 3*g - 22, 0 = 3*n + 5*g - 24. What is the highest common divisor of 949 and n?
13
Let v = 374 + -368. What is the greatest common factor of v and 102?
6
Let f(j) = 84*j - 801. Let c be f(15). What is the greatest common factor of 108 and c?
27
Let m = -25 + 39. Suppose 71*c = 72*c, -84 = -2*w + 3*c. Calculate the highest common factor of m and w.
14
Let p = 56 + 34. What is the greatest common divisor of p and 120?
30
Suppose -4*p + 435 = 99. Let d be (-326)/(-6) - 8/(-12). Suppose -5*h - 5*m + d = 0, -h - 2*m + 58 = 4*h. What is the highest common facto